 the highest common factor of 119 and 224?
7
Calculate the greatest common divisor of 3024 and 16.
16
Calculate the greatest common divisor of 609 and 2233.
203
What is the greatest common factor of 84 and 812?
28
Calculate the highest common factor of 10780 and 88.
44
Calculate the greatest common factor of 5 and 110.
5
What is the greatest common divisor of 25 and 205?
5
What is the highest common factor of 17 and 20502?
17
What is the highest common factor of 220 and 70?
10
What is the greatest common factor of 95 and 29165?
95
What is the highest common divisor of 294 and 504?
42
What is the highest common factor of 9025 and 225?
25
What is the greatest common divisor of 60 and 19872?
12
Calculate the greatest common factor of 35 and 287.
7
What is the highest common divisor of 42 and 322?
14
What is the greatest common divisor of 1236 and 6?
6
What is the greatest common factor of 49 and 4039?
7
What is the greatest common factor of 845 and 52?
13
Calculate the highest common divisor of 737 and 451.
11
Calculate the greatest common factor of 14 and 245.
7
Calculate the greatest common factor of 48 and 1864.
8
What is the highest common divisor of 119 and 952?
119
What is the highest common divisor of 18 and 318?
6
Calculate the highest common factor of 210 and 84.
42
Calculate the highest common divisor of 681 and 7264.
227
What is the greatest common factor of 230 and 20?
10
What is the highest common divisor of 882 and 1197?
63
Calculate the greatest common divisor of 41 and 41.
41
What is the greatest common divisor of 2259 and 9?
9
Calculate the highest common factor of 76 and 4066.
38
What is the highest common divisor of 2616 and 2?
2
Calculate the highest common divisor of 3401 and 57.
19
Calculate the highest common factor of 24 and 232.
8
Calculate the greatest common factor of 385 and 945.
35
Calculate the greatest common factor of 150 and 105.
15
Calculate the highest common factor of 1825 and 365.
365
Calculate the greatest common divisor of 24 and 696.
24
Calculate the highest common factor of 110 and 22.
22
What is the greatest common divisor of 1066 and 3034?
82
Calculate the greatest common factor of 9 and 51.
3
Calculate the highest common factor of 7300 and 584.
292
Calculate the greatest common factor of 124 and 332.
4
What is the highest common factor of 289 and 17?
17
What is the greatest common divisor of 148 and 37?
37
What is the highest common divisor of 9 and 3123?
9
What is the greatest common factor of 876 and 6?
6
Calculate the highest common factor of 5 and 2.
1
Calculate the greatest common factor of 13864 and 8.
8
What is the highest common divisor of 484 and 88?
44
Calculate the highest common factor of 3776 and 192.
64
Calculate the greatest common factor of 10967 and 88.
11
Calculate the highest common divisor of 642 and 14017.
107
Calculate the highest common divisor of 144 and 7767.
9
Calculate the highest common factor of 5593 and 752.
47
Calculate the greatest common factor of 84948 and 12.
12
Calculate the greatest common divisor of 663 and 91.
13
What is the highest common factor of 170 and 5270?
170
What is the highest common factor of 72 and 54?
18
Calculate the greatest common factor of 8955 and 45.
45
What is the highest common divisor of 4284 and 170?
34
Calculate the highest common factor of 4634 and 14.
14
What is the greatest common divisor of 9024 and 141?
141
Calculate the greatest common divisor of 4927 and 13.
13
What is the greatest common divisor of 9 and 111?
3
What is the highest common factor of 182 and 1066?
26
What is the greatest common divisor of 8480 and 360?
40
Calculate the highest common factor of 721 and 1133.
103
Calculate the highest common divisor of 32695 and 65.
65
Calculate the greatest common divisor of 88 and 12232.
88
Calculate the greatest common factor of 3999 and 93.
93
Calculate the greatest common factor of 574 and 1558.
82
What is the highest common divisor of 13 and 13?
13
Calculate the highest common factor of 9 and 45.
9
Calculate the greatest common divisor of 1909 and 23.
23
What is the greatest common divisor of 56 and 182?
14
Calculate the highest common factor of 3296 and 103.
103
Calculate the greatest common divisor of 28 and 35.
7
What is the highest common divisor of 9 and 3687?
3
What is the greatest common factor of 114 and 133?
19
Calculate the highest common divisor of 2773 and 47.
47
Calculate the highest common divisor of 20 and 395.
5
What is the greatest common divisor of 140 and 70?
70
What is the greatest common factor of 40 and 740?
20
What is the highest common factor of 1386 and 836?
22
Calculate the highest common factor of 45 and 195.
15
Calculate the highest common factor of 616 and 792.
88
Calculate the greatest common divisor of 49 and 49.
49
Calculate the greatest common divisor of 133 and 3143.
7
What is the greatest common factor of 2760 and 115?
115
What is the greatest common divisor of 2422 and 168?
14
Calculate the greatest common factor of 1070 and 130.
10
Calculate the greatest common factor of 192 and 168.
24
What is the greatest common factor of 3008 and 8?
8
What is the highest common divisor of 1308 and 12?
12
What is the highest common divisor of 39 and 143?
13
Calculate the greatest common factor of 266 and 76.
38
Calculate the greatest common factor of 224 and 576.
32
Calculate the highest common factor of 78 and 4173.
39
Calculate the greatest common factor of 14 and 4424.
14
What is the highest common factor of 336 and 112?
112
Calculate the greatest common divisor of 2 and 218.
2
What is the greatest common factor of 196 and 1813?
49
Calculate the highest common divisor of 99 and 22.
11
Calculate the greatest common factor of 1177 and 11.
11
Calculate the greatest common divisor of 917 and 14.
7
Calculate the greatest common divisor of 12136 and 444.
148
Calculate the greatest common divisor of 315 and 720.
45
What is the greatest common divisor of 3693 and 3?
3
Calculate the greatest common factor of 46 and 2852.
46
What is the highest common divisor of 175 and 21?
7
What is the highest common divisor of 84 and 372?
12
What is the greatest common divisor of 27 and 15?
3
What is the greatest common factor of 451 and 41?
41
What is the greatest common divisor of 222 and 9398?
74
Calculate the greatest common divisor of 306 and 119.
17
Calculate the highest common divisor of 2 and 2966.
2
What is the greatest common divisor of 36 and 594?
18
Calculate the highest common divisor of 18 and 10.
2
Calculate the highest common divisor of 31 and 22909.
31
What is the highest common factor of 94 and 2?
2
Calculate the greatest common divisor of 3348 and 216.
108
What is the greatest common factor of 161 and 115?
23
What is the greatest common divisor of 336 and 21?
21
What is the highest common factor of 1053 and 162?
81
What is the highest common divisor of 266 and 437?
19
What is the highest common divisor of 20 and 335?
5
Calculate the highest common divisor of 682 and 124.
62
What is the greatest common factor of 64 and 68?
4
What is the highest common divisor of 9557 and 19?
19
Calculate the greatest common divisor of 322 and 28.
14
What is the highest common divisor of 168 and 30?
6
Calculate the greatest common factor of 155 and 125.
5
What is the highest common divisor of 5528 and 64?
8
Calculate the greatest common factor of 289 and 13.
1
Calculate the highest common divisor of 11518 and 104.
26
Calculate the greatest common divisor of 264 and 1760.
88
Calculate the highest common factor of 13 and 2561.
13
What is the greatest common factor of 690 and 60?
30
Calculate the greatest common divisor of 192 and 5268.
12
Calculate the highest common factor of 92 and 20.
4
What is the greatest common divisor of 351 and 8289?
27
Calculate the highest common divisor of 16589 and 53.
53
What is the highest common divisor of 2090 and 3520?
110
What is the greatest common factor of 10 and 155?
5
Calculate the greatest common divisor of 64 and 1552.
16
What is the greatest common divisor of 132 and 913?
11
What is the highest common factor of 348 and 783?
87
What is the highest common divisor of 3 and 1119?
3
Calculate the greatest common divisor of 143 and 99.
11
What is the greatest common factor of 24 and 321?
3
Ca